4
(4 - 7 - -4) + -5
-4
Calculate -6 - (-12 + (10 - (3 + 4))).
3
What is 3 + 0 - -5 - (-3 + 7)?
4
1 + (-5 - -4) + -3 - -4
1
What is -1 - (4 + -8 + 6)?
-3
-20 + 10 - (-6 + -1)
-3
What is -6 - (6 - (4 - -4))?
-4
Evaluate -6 + 8 + (2 + -8 - 1).
-5
What is 3 + 11 + 3 + -10 + 2?
9
What is the value of (-2 - 2) + 1 - (-11 + 11)?
-3
Calculate 1 - (4 - (-6 - -10)).
1
What is the value of (-2 - (11 + -6)) + 6?
-1
What is the value of 8 + (-3 + 8 - 7)?
6
-6 + 5 - (-1 + (0 - -3))
-3
-4 - 0 - (10 + 6 - 23)
3
What is 3 + (-1 - -1) - (1 - -1)?
1
Evaluate 4 - -2 - 4 - -1.
3
Evaluate 0 - 3 - (-14 - -3) - 3.
5
What is 2 - 4 - (0 - (-6 + 4))?
-4
0 + (17 - 3) + -6 + 0
8
-2 - -3 - (-13 + 12)
2
Calculate 6 - (5 + (-2 - 0)) - 1.
2
5 + -3 - (-1 + -2 + 3)
2
Calculate 10 + -7 + 0 + (5 - 2).
6
Calculate -1 - -4 - (-2 + 2).
3
What is the value of (-6 + 4 - 6) + 1?
-7
Evaluate (12 - (1 + -2)) + -11.
2
What is the value of -2 - 0 - (-3 + 6)?
-5
What is the value of 3 + -3 + 3 + -6?
-3
Evaluate 3 - 7 - 2 - -3.
-3
Evaluate -3 + (-4 - (1 - 5) - -3).
0
What is 6 + 0 + -2 + 7 + -7?
4
What is the value of (0 - 3) + 15 + -16 - -7?
3
What is -4 + 7 - ((-1 - 0) + 9)?
-5
Calculate 3 + -4 - -3 - 7.
-5
Calculate -5 + 4 + -3 - (-1 + -5).
2
Calculate -2 - -6 - (7 + 0).
-3
Evaluate -1 - -2 - (-9 + 6 + 0).
4
What is (-7 - 1) + -27 + 32?
-3
What is 0 + 2 + (4 + 1 - 1)?
6
Calculate -1 + (-2 - 1 - (-8 + 13)).
-9
Calculate (-2 - 6 - -4 - -4) + -4.
-4
What is the value of 13 + -16 + (0 + -1 - -6)?
2
What is the value of 5 + -6 - 2 - (-1 + -2)?
0
Calculate (5 - 2) + 7 + -7.
3
What is -6 + -2 + 6 + 1?
-1
What is the value of -4 - (-3 + 1 + 0)?
-2
What is the value of 27 + -36 - (-2 + 1)?
-8
What is the value of 4 + 0 - (89 + -80)?
-5
Calculate 6 + 5 + 3 + -24 - 0.
-10
(6 - (10 + -1)) + 1 + 0
-2
What is 28 - 25 - (1 + -1 + -2)?
5
Calculate 5 + (-1 - -3) + -4.
3
Evaluate -2 - 6 - (-24 + 17).
-1
Evaluate 4 + 0 + (-14 - -6).
-4
Calculate 3 + (0 - (-1 + 2) - 5).
-3
-2 + 0 + 8 - (259 + -255)
2
What is the value of 0 + 4 - (3 + -1)?
2
What is the value of -9 + 8 + 6 + -2?
3
Evaluate (-1 - -2) + -6 + 4.
-1
What is the value of -3 + -1 - ((-22 - -2) + 12)?
4
What is the value of -10 + (7 - (-1 + 4) - 1)?
-7
What is the value of -5 - -2 - (11 + -10)?
-4
Calculate 3 - (3 - (13 - 8) - -4).
1
Calculate (4 - 10) + 8 - 3.
-1
Evaluate 3 - ((0 - -7) + 0).
-4
Evaluate 0 + 2 + (32 - 37).
-3
-2 + (2 + 6 - 9)
-3
What is the value of -10 - (-7 - (0 - 2))?
-5
-1 + (-1 - (3 + -1))
-4
What is -7 + -1 + 10 + -1 + 5?
6
Calculate 1 - 0 - (8 + -9).
2
What is the value of 7 + 5 + (-22 - -7)?
-3
Evaluate -6 - 1 - 1 - -5.
-3
What is the value of 0 - (-2 - (-3 - (0 - 1)))?
0
What is the value of (2 - 6 - 3) + 7?
0
What is 4 + 3 + 0 + -3?
4
What is (4 - 2) + (3 - 3)?
2
What is the value of 20 - 16 - ((-2 - -2) + 5)?
-1
What is 1 + (-5 - 0) + 1 - -8?
5
What is the value of -1 - 3 - (163 + -170)?
3
Calculate -8 - -6 - (-3 - 2 - 1).
4
What is (1 - 5) + 2 + (5 - 1)?
2
-2 - ((0 - 0) + 1 + -4)
1
What is (-8 - (0 - -4 - 6)) + 3?
-3
Evaluate -2 - 2 - (-11 + (6 - -4)).
-3
What is 9 + -4 + 2 + (-3 - -2)?
6
Calculate -3 - (3 + -8) - 4.
-2
16 + -24 + 13 + -1
4
What is -6 + 3 + (2 - 4) + 2?
-3
What is the value of 3 - 4 - (22 + -19)?
-4
Calculate -4 + (6 - (4 + (2 - 7))).
3
What is (1 + 9 - 8) + 1?
3
Calculate (-1 - -6) + -4 - 0.
1
Evaluate 3 + (-2 - -7) + (-4 - -2).
6
Calculate 2 - (-1 - (-3 + 4)).
4
What is -70 + 80 + (-18 - -1)?
-7
What is (2 + 1 - 1) + -1?
1
What is 7 - (-5 - -7) - (12 + -2)?
-5
What is 0 + 4 + 7 - 8?
3
5 + 1 - (-1 + 6)
1
Evaluate -5 + 1 + (6 - 1) + 0.
1
What is (1 - 1 - (-20 + 14)) + 0?
6
What is the value of 11 - (-3 + (-6 - -12))?
8
Evaluate 0 - (-10 - (8 + -4 - 8)).
6
What is the value of 2 + -3 + -2 + 4?
1
What is the value of 15 + (-7 - 1) + -7?
0
What is 0 + (6 - (3 - 0)) + 0?
3
What is 0 - (-9 + 13) - (-1 - 1)?
-2
Calculate 9 - (-8 + 3 + 9).
5
Calculate -17 + 3 + 22 + -9.
-1
Evaluate 2 - (-9 + 10 + 3).
-2
Calculate 0 + 2 + -1 + -1 - 1.
-1
Calculate -3 + 1 + 3 + 1 + -2.
0
Evaluate -1 + -1 + -4 - (1 - 3).
-4
19 + (12 - 42) - (-3 - 1)
-7
Calculate -116 + 108 + (3 - 0).
-5
Evaluate 7 + (2 - (7 - 3)) + 1.
6
Calculate 4 - (-26 + 27 + -2 + 1).
4
Calculate 2 + 1 - (21 - 8 - 6).
-4
Evaluate 13 + -7 - (-8 + 2 - -6).
6
Calculate -5 + (-30 - -32 - (-1 - 0)).
-2
What is -10 + (-3 - (6 - 12))?
-7
Evaluate (-1 - -1) + -1 - (1 + -1).
-1
Calculate 17 - 24 - (-1 + -1).
-5
Calculate -6 + 5 + 6 + (-10 - -4).
-1
What is the value of -15 + -2 + 13 + (-2 - -16)?
10
What is the value of (5 - ((9 - 6) + 1)) + -5?
-4
Calculate -7 - -4 - (5 - 5).
-3
10 + (5 - 5) - 10
0
Evaluate (35 - 39) + (1 - 1) + 10.
6
What is the value of (5 - 2) + -4 + -1 + 0?
-2
Calculate -2 + -8 + 10 + -1.
-1
What is -1 + -6 + 1 + 10?
4
9 - (-8 + 19 - 2)
0
What is -14 + 8 - (-5 + 1)?
-2
Evaluate 1 + 1 + -4 + -4 + 6.
0
Calculate 1 + 3 + (-2 - (3 + 3)).
-4
What is the value of (-2 - -9) + -3 - (2 + 1)?
1
What is the value of (21 - 5 - 5) + -16?
-5
Evaluate 8 + 6 + -6 + -5.
3
What is 11 + -5 + 0 - (7 + 1)?
-2
What is 0 - -2 - (3 + (5 - 2))?
-4
Calculate 5 - (5 + (-3 - 0)).
3
What is 30 + -34 - (1 - 0)?
-5
What is the value of -57 + 61 - (-1 + (0 - -4))?
1
What is 1 + 1 + (-9 - -7 - -7)?
7
Calculate 2 + (1 - 0 - (27 + -23)).
-1
What is the value of -1 - -7 - ((11 - 17) + 7)?
5
Calculate -6 + 5 + -1 + 1 + -3.
-4
What is the value of (-16 - -15) + (-1 - -1)?
-1
Evaluate 2 - (-4 - (-2 - (8 - 1))).
-3
Calculate -15 + 13 - (-11 + 1).
8
Evaluate (-1 - -1) + (2 + -5 - -2).
-1
What is -1 + 0 + -2 + 8 + -6?
-1
What is (10 - 13) + (0 - 1)?
-4
Calculate 3 + (-4 - 3) + 4 + 5.
5
What is the value of 12 + -7 + -5 + -1 + 4?
3
Evaluate (-6 - (6 + -14)) + 2.
4
What is the value of -2 - 3 - -4 - (-6 - -3)?
2
What is 2 + -2 + (0 - 4)?
-4
What is -3 + 14 + -2 + (-6 - -2)?
5
What is (10 - (-1 + 8)) + (1 - 8)?
-4
What is (-2 - -5) + 5 + -3?
5
Calculate -2 + -2 + 1 + 6 + 0.
3
What is the value of 4 - 3 - (-1 - -3) - 0?
-1
Evaluate -6 - -19 - 0 - 13.
0
Calculate (5 - 1) + 0 - (-19 - -18).
5
14 + (-1 - 11) + 3
5
Calculate 47 - 43 - (-8 - -2).
10
(3 - (2 - 2)) + -1 + 3
5
Calculate (-3 + 6 - -1) + (-3 - 3).
-2
3 + -3 - -2 - -2
4
-6 + (-17 - -17 - (-13 + 1))
6
(-10 - -9) + -14 - -10
-5
What is 0 + (-3 - (-4 - (3 + -4)))?
0
What is the value of (3 - (6 + -5)) + -5?
-3
Calculate 6 + (-9 - 4) - -13.
6
Calculate 8 + -1 + -9 + 5.
3
What is 8 - -1 - ((-11 - -19) + -5)?
6
Calculate (-1 - 1) + (44 - 42).
0
Evaluate 4 + (1 - 1 - (-12 - -16)).
0
What is the value of -6 - 0 - 5 - -7?
-4
Calculate -1 - (-6 - (-6 + -1)).
-2
Calculate (-3 - (-20 + (-3 - -2))) + -8.
10
(-15 - -7) + 2 + -2 - -7
-1
-5 - (-14 + 1 + 1)
7
(0 - 4) + 25 + -21
0
-2 - (-4 + (1 - -4))
-3
What is the value of (-7 - (-9 + 2)) + 6?
6
(-20 - -17) + 2 + -1
-2
Evaluate (2 - 0) + 0 - (-6 - -4).
4
Calculate -2 + 3 + (3 - 0).
4
What is 1 + -2 - (1 + 1 - 6)?
3
Evaluate -3 + (-2 - (5 + -5)).
-5
What is 4 + -3 + -1 - (7 - 4)?
-3
What is (-9 - -4) + 14 - 2?
7
What is -4 + 4 - ((1 - 5) + 5)?
-1
What is the value of 3 - 1 - (-2 + 2)?
2
Calculate 2 + 2 - (4 - 2) - 4.
-2
What is (3 - 18) + 8 - -11?
4
0 - ((7 - 2 - 3) + -2)
0
Evaluate -14 + 19 + (-5 - -1).
1
Evaluate -6 - (3 - (-3 + (5 - 1))).
-8
What is (2 - -8) + -13 + 5?
2
What is the value of 5 + -1 - ((-9 - -6) + 1)?
6
(-6 - (8 + -11)) + -3
-6
Evaluate -7 + (8 - (8 - 2)) + 9.
4
Calculate (-4 - (-13 - -6)) + -1.
2
Calculate 11 - (6 + -11 - -11).
5
(1 - -1) + 2 + 4 + -6
2
-4 + (5 + 0 - -2)
3
-7 + 14 + -9 + 2
0
Evaluate (-1 + 11 - 4) + -13.
-7
Calculate -62 + 45 + (-2 - -12).
-7
What is 2 + -2 + 4 + -5 - -3?
2
0 - (5 + (2 - 2) + -1)
-4
What is -1 + 0 + -6 + 9?
2
6 - (-11 - -10 - -8)
-1
5 - (5 - (-2 - 1))
-3
What is -1 - -4 - (-1 + 4 + 0)?
0
What is the value of 0 + 1 - 3 - 1?
-3
Evaluate -7 + 2 + 1 - -7.
3
What is the value of -1 - (6 + (0 - 4))?
-3
What is (0 - -2 - (9 - 3)) + 6?
2
Evaluate 0 - (-6 + 4) - (3 + -5).
4
-8 + 0 + (22 - 17)
-3
What is the value of -5 - (-23 - -6) - 15?
-3
What is (-15 - -14) + 7 + -2?
4
What is 4 + (-4 - -2) + -2 + -2?
-2
Evaluate -13 + 6 - (-3 + -2).
-2
What is the value of 10 + -17 - (0 + -1)?
-6
What is the value of 1 - ((4 - 12 - -4) + 1)?
4
What is the value of 4 - -1 - (-22 + 29)?
-2
Evaluate 1 - (-9 + (26 - 14)).
-2
What is 15 + -3 - (23 + -18)?
7
What is the val